ens digit of ((-2)/3)/(v/2403)?
8
Let z be 114/42 - (-2)/7. Suppose -5*l + 2*l = -3*d + 213, -2*l - 209 = -z*d. What is the units digit of d?
7
Let y(l) = -l**3 + 5*l**2 - 6*l. Let z be y(3). Suppose -3*k - 3*b = -z*b - 54, -k = -5*b - 18. What is the tens digit of k?
1
Let z = 15 - 15. Suppose 2*x = 3*t - 1, -t - 3 = x - z*t. What is the units digit of ((-2)/(-4))/((-1)/x)?
1
Let d = 1261 - 121. What is the thousands digit of d?
1
Let x = -1831 - -3535. What is the thousands digit of x?
1
Suppose -3*r - b - 7 = 0, -4*r = -5*b + 8 - 5. What is the tens digit of 87/2 - (0 - r/(-4))?
4
Suppose -19*o + 61 = -4499. What is the tens digit of o?
4
Suppose h = 2*b + 220, -693 - 399 = -5*h + 2*b. What is the hundreds digit of h?
2
Suppose 17*v = 12730 + 7245. What is the tens digit of v?
7
Let x be 16/(-56)*1*-7. Suppose 2*o + w = 3*o - 11, 5*w + 25 = x*o. What is the tens digit of 405/18*8/o?
1
Let z(l) = 35*l**2 - 85*l - 613. What is the tens digit of z(-7)?
9
Let o be (-4)/22 + 552/132. Suppose -4*b - 4*k + 2*k - 6 = 0, 0 = -3*b + o*k - 21. Let v = b - -13. What is the units digit of v?
0
Let n(r) be the second derivative of -5*r**4/12 + r**3/6 - r**2 + 6*r. Let o be n(2). What is the tens digit of -2 - o - (-1 - -2)?
1
Suppose -4*m = -9*m + 10. Let l(g) = -2 - 18*g**2 - 4*g + 1 + 2 + 19*g**m. What is the units digit of l(-5)?
6
Let r be (11*6)/(1 + (-3 - -3)). Suppose r = 8*z - 5*z. What is the units digit of z?
2
Let k = 10 - 21. Let w = -8 - k. What is the units digit of 24/(w - 36/16)?
2
Let i(m) = -37*m - 337. What is the tens digit of i(-36)?
9
Let c = -6 + 23. Let q = c - -25. What is the tens digit of q?
4
Let x(p) = -26*p + 49. What is the units digit of x(-24)?
3
Let z(o) = -3*o**2 - o**3 - 2 + 0 + 4*o - 7*o + o. Let y be z(-3). Suppose 5*c = b + 109, 0 = -y*c - 6*b + 3*b + 72. What is the units digit of c?
1
Let s = 28 + -10. Let y = -7 + s. Suppose 0 = y*v - 9*v - 104. What is the units digit of v?
2
Let d(b) = b + 8. Suppose h - 4*o - 14 = 0, 2*h = -0*o - 3*o - 27. Let t be d(h). Suppose -2*z - t*z - 55 = -3*p, 4*z = p - 13. What is the tens digit of p?
2
What is the tens digit of -3 - (-571 - 2 - 39/(-13))?
6
Let f = -37 - -44. Suppose 0 = 3*z - 9, f*k - 9*k + 181 = -5*z. What is the units digit of k?
8
Let z(u) = -u + 12. Let b(t) = -t**3 + 4*t**2 - 3*t. Let j = -5 + 9. Let k be b(j). What is the tens digit of z(k)?
2
Let b = 136 - 40. Let y = b - 63. What is the tens digit of y?
3
Suppose -27*p - 130 = -22*p. Let c = p + 29. Suppose 13 = -c*b + 5*b - 5*g, b + 5*g = 44. What is the tens digit of b?
1
Suppose 37*u + 608 = 45*u. What is the units digit of u?
6
Suppose -5*z - 187 = -3*x + 858, -1719 = -5*x - 3*z. What is the hundreds digit of x?
3
Suppose -858 = -2*s + 5*t, -4*s - s = t - 2199. What is the tens digit of s?
3
Suppose 30*j - 14355 = 21*j. What is the thousands digit of j?
1
Suppose 7*d - 3*d + 104 = 0. Suppose 5*s - 8 = -y, y = -0*y + 3*s. Let i = y - d. What is the tens digit of i?
2
Let h = 196 - -950. What is the thousands digit of h?
1
Suppose 0 = 5*x - 3*x + 6*x. Suppose -12*l + 8*l + 572 = x. What is the tens digit of l?
4
Let u(l) = -2 + 8 - l - 5. What is the tens digit of u(-18)?
1
Let k(z) = -7*z**2 - 4*z + z + 45*z**2 + 2*z. Let v be k(1). Let m = v + -12. What is the tens digit of m?
2
Let q(c) = c**3 + c**2 - c + 304. What is the hundreds digit of q(0)?
3
Suppose 0 = -5*t - 108 - 7. What is the units digit of t/(-3 - 32/(-12))?
9
Let s = 64 + -62. Suppose -s*m = -4*y + 222, -5*y + 6*y - 55 = m. What is the tens digit of y?
5
Let g(v) = 2802*v**2 + 25*v - 1. What is the units digit of g(-1)?
6
Let y = 3263 + -2118. What is the hundreds digit of y?
1
Let k(b) = b**2 + 3*b - 8. Let o be k(2). Suppose -o*n = -4*p + 404, -4*p - 3*n - 215 = -619. What is the hundreds digit of p?
1
Suppose -6*c = -c - 40. Let m be c/(-6) - (-6)/(-9). Let t(x) = x**3 + x**2 - 2*x + 2. What is the units digit of t(m)?
2
Suppose 53460 = 35*x - 36490. What is the thousands digit of x?
2
Suppose -5*v + 6*v - 69 = 0. Let d = -33 + v. What is the units digit of d?
6
Suppose -4*v + j + 460 = 0, 22*v + 5*j + 590 = 27*v. Suppose h + z - 69 = 0, -3*h + 4*z + v = -114. What is the units digit of h?
2
Suppose 0 = -6*c + 4*c + 6. Suppose -696 - 168 = -c*k. What is the tens digit of k?
8
Let a(l) be the second derivative of 5*l**4/12 - 5*l**3/6 + 3*l**2 - 7*l. Let y be a(3). Suppose k = 2*k - y. What is the tens digit of k?
3
Let i = -338 + 912. What is the hundreds digit of i?
5
Suppose 5*g + 4*g = -27. Let c = 19 - g. What is the tens digit of c?
2
Let b(g) = -g**2 - 35*g - 51. What is the tens digit of b(-31)?
7
Suppose -4*c = -4*n - 24, -3*c + n = -5 - 11. Suppose c*u + 5*d - 75 = 0, -1 + 43 = 2*u - d. Suppose -p = -u - 16. What is the tens digit of p?
3
Let s(g) be the third derivative of -g**6/120 - g**5/6 + g**4/24 + 7*g**3/3 - 3*g**2. Let t be s(-10). What is the tens digit of 2/t*58/1?
2
Let c(l) = 2*l**2 + 64*l + 49. What is the tens digit of c(-36)?
3
Let z be (-2)/(3 - 3615/1206). What is the units digit of (-14)/35 - (0 - z/(-10))?
0
Let d = 229 + 242. Suppose 2*h = 3*b + d, -h - 1152 = -6*h - b. What is the hundreds digit of h?
2
Let b = -64 + 76. What is the hundreds digit of ((-272)/3 + 2)/(b/(-18))?
1
Suppose -18 = 18*w - 15*w. Let d(b) = b**2 + 3*b - 11. What is the units digit of d(w)?
7
Suppose 10 + 277 = x. Let u = -157 + x. Suppose 4*z + z - u = 0. What is the tens digit of z?
2
Let s(x) = -x - 3. Let n be s(-11). Let q = 8 - n. Suppose 2*t = 2*z - q - 2, 0 = z + 5*t - 25. What is the units digit of z?
5
Let k(h) = h**2 + 7*h + 5. Suppose u = 4*u + 21. Let g be k(u). What is the tens digit of (27/g)/(6/30)?
2
Let u be ((-6)/(-4))/((-6)/(-16)). Suppose -2 - 2 = 4*c, -u*l - 3*c + 401 = 0. What is the units digit of l?
1
Suppose 0 = 5*x + 3 + 17. Let a = x + 10. Suppose -4*s - 2*k = -22 + 2, 3*s - a = 3*k. What is the units digit of s?
4
Let r = -10 + 12. Suppose -2 = 3*h - 5*u, -4*h + 40 = r*u + 2*u. What is the units digit of h?
6
Let s(x) = 10 - 12*x + 7 - 18. What is the tens digit of s(-5)?
5
Suppose -16 = 4*i, 3*i + 0*i = 2*d - 2. Let p be (6/d)/((-1)/(-35)). Let n = -19 - p. What is the tens digit of n?
2
Suppose -2*j + j - 1 = 0. Let n be -4 - (-6)/(-3 - j). Let o = 10 - n. What is the tens digit of o?
1
Suppose 3*x = 8 - 2. Suppose -x*o - 27 = -3*m - o, -3*m = 4*o - 27. Suppose m + 0 = c - 4*j, -3*c + 107 = 4*j. What is the tens digit of c?
2
Suppose -j = -4*j + 39. Let z = j + -10. Suppose w = -z*a + 21, 3*a + 45 = -0*w + w. What is the units digit of w?
3
Suppose -3*q - 9 = 0, 4*i + 2*q = 5*i - 90. Suppose -4*v + 3 = -1, s = 3*v + i. What is the units digit of s?
7
Let m = 61 - -900. What is the units digit of m?
1
Let a be 108/3*21/9. Let o = a + -37. Suppose 0 = 2*g + 5*k - o, -3*g - 3*k = -0*k - 75. What is the tens digit of g?
2
Let o = 579 + -125. Suppose -3*i = -i - o. What is the tens digit of i?
2
Suppose 4*j + 23619 = -4461. What is the hundreds digit of (1/3)/((-12)/j)?
1
Let l(t) = -10*t + 7. Let b(j) = -3*j + 2. Let c(n) = 14*b(n) - 4*l(n). What is the tens digit of c(-11)?
2
Let c(r) = -8*r**2 - 7*r. Let s(d) = d**2 - d. Let p(h) = -c(h) - 5*s(h). Let k = 9 - 14. What is the tens digit of p(k)?
1
Let r(t) be the second derivative of 5/2*t**2 - 1/2*t**4 - 1/20*t**5 + 0 + 2/3*t**3 - 4*t. What is the tens digit of r(-7)?
2
Let r be 1/(70/(-25) + 3). Suppose -r = f - 90. What is the tens digit of f?
8
Suppose -13*b + 16*b = 15. Suppose 3*c + 2*k = -0*k + 347, -b*c = 5*k - 580. What is the hundreds digit of c?
1
Let n be -8 - 1 - (-21 - -17). Let z(v) = -v**3 + v**2 + v + 11. What is the units digit of z(n)?
6
Let q be (-10)/(-35) - 304/(-14). Suppose -4*a = -90 - q. Let m = a + -17. What is the units digit of m?
1
Let q = 111 - 36. Let l = 138 - q. Let t = -10 + l. What is the tens digit of t?
5
Let z be -2*(1 + 0)/(-1). Let o be 6/10 + 9/(-30)*2. Suppose 5*a - 5 = z*i, i + 6*a - a - 35 = o. What is the tens digit of i?
1
What is the units digit of (-16)/(-6)*17073/42?
4
Suppose 9*j - 7*j = 0. Suppose -f = -j - 2. Suppose -3*w = -5*y - 110, 3*w - 2*y - 196 = -f*w. What is the tens digit of w?
4
Suppose 21 = -3*i + 27. Suppose 0 = -3*p + 3*z - 0*z + 21, 7 = p - i*z. What is the units digit of p?
7
Let y =